digit of 220038?
3
What is the hundreds digit of 7744327?
3
What is the ten thousands digit of 6635116?
3
What is the hundred thousands digit of 219248?
2
What is the hundred thousands digit of 659574?
6
What is the ten thousands digit of 23313?
2
What is the hundreds digit of 69960?
9
What is the hundreds digit of 1333024?
0
What is the ten thousands digit of 182858?
8
What is the thousands digit of 33777203?
7
What is the hundred thousands digit of 2420044?
4
What is the tens digit of 8047366?
6
What is the thousands digit of 911490?
1
What is the hundreds digit of 237634?
6
What is the hundreds digit of 844797?
7
What is the hundred thousands digit of 382614?
3
What is the hundreds digit of 3823490?
4
What is the thousands digit of 446906?
6
What is the units digit of 4299515?
5
What is the tens digit of 60438?
3
What is the thousands digit of 199148?
9
What is the hundred thousands digit of 6307834?
3
What is the hundred thousands digit of 6352439?
3
What is the ten thousands digit of 2044124?
4
What is the hundred thousands digit of 2211668?
2
What is the thousands digit of 305798?
5
What is the tens digit of 16782578?
7
What is the ten thousands digit of 766723?
6
What is the units digit of 180807?
7
What is the tens digit of 14898404?
0
What is the thousands digit of 15816888?
6
What is the units digit of 5210499?
9
What is the hundred thousands digit of 337384?
3
What is the millions digit of 16098943?
6
What is the thousands digit of 1758999?
8
What is the tens digit of 6831153?
5
What is the hundreds digit of 4592227?
2
What is the ten thousands digit of 492887?
9
What is the thousands digit of 991640?
1
What is the ten thousands digit of 35475425?
7
What is the tens digit of 261697?
9
What is the hundred thousands digit of 1687746?
6
What is the ten thousands digit of 352295?
5
What is the tens digit of 262028?
2
What is the thousands digit of 30505022?
5
What is the hundreds digit of 7354838?
8
What is the thousands digit of 31542?
1
What is the ten thousands digit of 831240?
3
What is the units digit of 78304?
4
What is the hundred thousands digit of 1044310?
0
What is the thousands digit of 2652976?
2
What is the ten thousands digit of 18244599?
4
What is the thousands digit of 78252?
8
What is the ten thousands digit of 23751297?
5
What is the units digit of 4029206?
6
What is the millions digit of 15694942?
5
What is the thousands digit of 310154?
0
What is the units digit of 787174?
4
What is the tens digit of 36955?
5
What is the units digit of 2219980?
0
What is the ten thousands digit of 272630?
7
What is the units digit of 319642?
2
What is the units digit of 4693044?
4
What is the tens digit of 89599?
9
What is the tens digit of 428082?
8
What is the tens digit of 1618682?
8
What is the millions digit of 8291159?
8
What is the tens digit of 571819?
1
What is the units digit of 7505163?
3
What is the units digit of 1215871?
1
What is the hundreds digit of 85791?
7
What is the ten thousands digit of 11848288?
4
What is the units digit of 3742025?
5
What is the tens digit of 32?
3
What is the hundreds digit of 5439085?
0
What is the hundreds digit of 3184?
1
What is the hundreds digit of 263522?
5
What is the hundreds digit of 33077289?
2
What is the tens digit of 3643468?
6
What is the units digit of 11022327?
7
What is the units digit of 20170?
0
What is the ten thousands digit of 5353286?
5
What is the units digit of 167530?
0
What is the units digit of 11721103?
3
What is the ten thousands digit of 19347163?
4
What is the hundred thousands digit of 6574517?
5
What is the hundred thousands digit of 146813?
1
What is the ten thousands digit of 11713839?
1
What is the ten thousands digit of 3763449?
6
What is the thousands digit of 36031041?
1
What is the thousands digit of 7994656?
4
What is the units digit of 1495322?
2
What is the ten thousands digit of 10034298?
3
What is the units digit of 6912586?
6
What is the thousands digit of 746182?
6
What is the hundred thousands digit of 369430?
3
What is the thousands digit of 1256707?
6
What is the units digit of 487959?
9
What is the hundreds digit of 1626118?
1
What is the thousands digit of 989832?
9
What is the millions digit of 1147866?
1
What is the hundred thousands digit of 6139521?
1
What is the thousands digit of 1598151?
8
What is the hundred thousands digit of 7288927?
2
What is the ten thousands digit of 204796?
0
What is the ten thousands digit of 255226?
5
What is the units digit of 1076277?
7
What is the thousands digit of 284263?
4
What is the tens digit of 578515?
1
What is the ten thousands digit of 723323?
2
What is the units digit of 219332?
2
What is the thousands digit of 6655840?
5
What is the units digit of 20010768?
8
What is the hundred thousands digit of 199700?
1
What is the ten thousands digit of 35991432?
9
What is the tens digit of 1755594?
9
What is the ten millions digit of 28924813?
2
What is the hundreds digit of 71190?
1
What is the ten thousands digit of 99611?
9
What is the millions digit of 1615328?
1
What is the hundreds digit of 639479?
4
What is the hundred thousands digit of 27467734?
4
What is the tens digit of 24258?
5
What is the ten thousands digit of 4300815?
0
What is the millions digit of 1204630?
1
What is the hundreds digit of 1755311?
3
What is the units digit of 157974?
4
What is the tens digit of 1123917?
1
What is the ten thousands digit of 1442998?
4
What is the units digit of 141293?
3
What is the ten thousands digit of 233866?
3
What is the thousands digit of 1484838?
4
What is the thousands digit of 6589415?
9
What is the hundreds digit of 5405538?
5
What is the units digit of 1287733?
3
What is the hundred thousands digit of 10288001?
2
What is the hundred thousands digit of 4195175?
1
What is the hundreds digit of 2264400?
4
What is the millions digit of 2753956?
2
What is the units digit of 1827223?
3
What is the hundreds digit of 57603?
6
What is the hundreds digit of 2385910?
9
What is the tens digit of 1145087?
8
What is the hundreds digit of 1393965?
9
What is the millions digit of 1613101?
1
What is the ten thousands digit of 57405?
5
What is the thousands digit of 276125?
6
What is the tens digit of 1104478?
7
What is the units digit of 230466?
6
What is the tens digit of 728468?
6
What is the ten thousands digit of 255608?
5
What is the ten millions digit of 26703992?
2
What is the hundred thousands digit of 1428167?
4
What is the hundreds digit of 279484?
4
What is the hundreds digit of 5278754?
7
What is the units digit of 9721?
1
What is the tens digit of 3455534?
3
What is the hundreds digit of 37111?
1
What is the units digit of 7656870?
0
What is the tens digit of 2621164?
6
What is the hundreds digit of 395914?
9
What is the ten thousands digit of 18541636?
4
What is the ten thousands digit of 158999?
5
What is the thousands digit of 6319223?
9
What is the ten thousands digit of 436345?
3
What is the millions digit of 1574067?
1
What is the thousands digit of 3317?
3
What is the units digit of 6019078?
8
What is the units digit of 632684?
4
What is the units digit of 754454?
4
What is the hundred thousands digit of 2732527?
7
What is the ten thousands digit of 567399?
6
What is the tens digit of 104265?
6
What is the hundreds digit of 212549?
5
What is the units digit of 990807?
7
What is the thousands digit of 166999?
6
What is the tens digit of 959420?
2
What is the ten thousands digit of 1166145?
6
What is the ten millions digit of 24582848?
2
What is the ten thousands digit of 2525983?
2
What is the hundreds digit of 16894486?
4
What is the thousands digit of 4825700?
5
What is the units digit of 1896783?
3
What is the tens digit of 361256?
5
What is the ten thousands digit of 3648830?
4
What is the hundreds digit of 77190?
1
What is the hundred thousands digit of 257942?
2
What is the tens digit of 2616463?
6
What is the thousands digit of 320939?
0
What is the hundreds digit of 410409?
4
What is the ten thousands digit of 267271?
6
What is the units digit of 306610?
0
What is the hundred thousands digit of 1032492?
0
What is the hundred thousands digit of 607522?
6
What is the tens digit of 6885141?
4
What is the ten thousands digit of 1638717?
3
What is the hundreds digit of 169861?
8
Wh